{"id":29,"date":"2025-04-21T10:11:42","date_gmt":"2025-04-21T10:11:42","guid":{"rendered":"https:\/\/quatstudio.com\/uniquesmile\/?page_id=29"},"modified":"2026-03-02T14:29:57","modified_gmt":"2026-03-02T14:29:57","slug":"implante-dentario","status":"publish","type":"page","link":"https:\/\/quatstudio.com\/uniquesmile\/tratamentos-dentarios\/implante-dentario\/","title":{"rendered":"Implante Dentario"},"content":{"rendered":"<div class=\"et_pb_section_0 et_pb_section et_section_regular et_block_section\"><div class=\"et_pb_row_0 et_pb_row et_block_row\"><div class=\"et_pb_column_0 et_pb_column et_pb_column_4_4 et-last-child et_block_column et_pb_css_mix_blend_mode_passthrough\"><div class=\"et_pb_text_0 et_pb_text et_pb_bg_layout_light et_pb_module et_block_module\"><div class=\"et_pb_text_inner\"><h2 id=\"headline-8-9\" class=\"ct-headline\"><strong>Implante Dent\u00e1rio, como funciona?<\/strong><\/h2>\n<\/div><\/div><div class=\"et_pb_image_0 et_pb_image et_pb_module et_block_module\"><span class=\"et_pb_image_wrap\"><img loading=\"lazy\" decoding=\"async\" src=\"https:\/\/quatstudio.com\/uniquesmile\/wp-content\/uploads\/2025\/06\/unique-smile-implantes-dentarios-04.jpg\" width=\"800\" height=\"450\" srcset=\"https:\/\/quatstudio.com\/uniquesmile\/wp-content\/uploads\/2025\/06\/unique-smile-implantes-dentarios-04.jpg 800w, https:\/\/quatstudio.com\/uniquesmile\/wp-content\/uploads\/2025\/06\/unique-smile-implantes-dentarios-04-480x270.jpg 480w\" sizes=\"(min-width: 0px) and (max-width: 480px) 480px, (min-width: 481px) 800px, 100vw\" class=\"wp-image-4246\" title=\"unique-smile-implantes-denta\u0301rios-04\" \/><\/span><\/div><div class=\"et_pb_text_1 et_pb_text et_pb_bg_layout_light et_pb_module et_block_module\"><div class=\"et_pb_text_inner\"><p><span>Os implantes dent\u00e1rios s\u00e3o colocados em zonas onde existe a falta de dentes de forma a funcionarem como uma ra\u00edz que ir\u00e1 suportar uma coroa unit\u00e1ria, uma ponte ou at\u00e9 uma pr\u00f3tese de uma arcada completa. A coloca\u00e7\u00e3o da coroa ou pr\u00f3tese poder\u00e1 ser no mesmo dia (se houverem condi\u00e7\u00f5es para tal) ou ap\u00f3s alguns meses.<\/span><\/p>\n<p>&nbsp;<\/p>\n<h3 data-element-id=\"headingsMap-10-0\"><strong><span>Aqui na Cl\u00ednica trabalhamos com:<\/span><\/strong><\/h3>\n<\/div><\/div><div class=\"et_pb_blurb_0 et_pb_blurb et_pb_bg_layout_light et_pb_blurb_position_left et_pb_module et_block_module\"><div class=\"et_pb_blurb_content\"><div class=\"et_pb_main_blurb_image\"><span class=\"et_pb_image_wrap et_pb_only_image_mode_wrap\"><img loading=\"lazy\" decoding=\"async\" src=\"https:\/\/quatstudio.com\/uniquesmile\/wp-content\/uploads\/2025\/06\/Unique-Simle-Icons-Implantes-Dentarios-Unitarios-1.svg\" width=\"0\" height=\"0\" srcset=\"https:\/\/quatstudio.com\/uniquesmile\/wp-content\/uploads\/2025\/06\/Unique-Simle-Icons-Implantes-Dentarios-Unitarios-1.svg 0w\" class=\"wp-image-3844\" \/><\/span><\/div><div class=\"et_pb_blurb_container\"><h4 class=\"et_pb_module_header\">Implantes Dent\u00e1rios Unit\u00e1rios<\/h4><div class=\"et_pb_blurb_description\"><p><span>Se, por algum motivo, houver a falta de um s\u00f3 dente, este vai ser substitu\u00eddo por um implante sobre o qual ser\u00e1 cimentada ou aparafusada uma coroa, funcionando exactamente como um dente natural.<\/span><\/p>\n<\/div><\/div><\/div><\/div><div class=\"et_pb_blurb_1 et_pb_blurb et_pb_bg_layout_light et_pb_blurb_position_left et_pb_module et_block_module\"><div class=\"et_pb_blurb_content\"><div class=\"et_pb_main_blurb_image\"><span class=\"et_pb_image_wrap et_pb_only_image_mode_wrap\"><img loading=\"lazy\" decoding=\"async\" src=\"https:\/\/quatstudio.com\/uniquesmile\/wp-content\/uploads\/2025\/06\/Unique-Simle-Icons-Implantes-Reabilitacao-Total-Com-Implantes-1.svg\" width=\"0\" height=\"0\" srcset=\"https:\/\/quatstudio.com\/uniquesmile\/wp-content\/uploads\/2025\/06\/Unique-Simle-Icons-Implantes-Reabilitacao-Total-Com-Implantes-1.svg 0w\" class=\"wp-image-3845\" \/><\/span><\/div><div class=\"et_pb_blurb_container\"><h4 class=\"et_pb_module_header\">Reabilita\u00e7\u00e3o total com Implantes<\/h4><div class=\"et_pb_blurb_description\"><p><span>Em pacientes desdentados que necessitem de reabilitar com pr\u00f3tese total fixa sobre implantes, colocam-se quatro ou mais implantes em zonas espec\u00edficas da arcada e, sobre estes, aparafusa-se uma pr\u00f3tese completa h\u00edbrida ou em cer\u00e2mica que ficar\u00e1 fixa, restituindo por completo a est\u00e9tica e a fun\u00e7\u00e3o dos dentes perdidos.<\/span><\/p>\n<\/div><\/div><\/div><\/div><div class=\"et_pb_blurb_2 et_pb_blurb et_pb_bg_layout_light et_pb_blurb_position_left et_pb_module et_block_module\"><div class=\"et_pb_blurb_content\"><div class=\"et_pb_main_blurb_image\"><span class=\"et_pb_image_wrap et_pb_only_image_mode_wrap\"><img loading=\"lazy\" decoding=\"async\" src=\"https:\/\/quatstudio.com\/uniquesmile\/wp-content\/uploads\/2025\/06\/Unique-Simle-Icons-Implantes-Dentarios-com-Sobredentaduras-2.svg\" width=\"0\" height=\"0\" srcset=\"https:\/\/quatstudio.com\/uniquesmile\/wp-content\/uploads\/2025\/06\/Unique-Simle-Icons-Implantes-Dentarios-com-Sobredentaduras-2.svg 0w\" class=\"wp-image-3962\" \/><\/span><\/div><div class=\"et_pb_blurb_container\"><h4 class=\"et_pb_module_header\">Implantes Dent\u00e1rios com Sobredentaduras<\/h4><div class=\"et_pb_blurb_description\"><p>A sobredentadura \u00e9 uma pr\u00f3tese remov\u00edvel, semi fixa, de uma arcada completa que ser\u00e1 fixada a dois ou mais implantes, aumentando assim a sua reten\u00e7\u00e3o e fixa\u00e7\u00e3o e dando uma maior seguran\u00e7a e qualidade de vida ao paciente.<\/p>\n<\/div><\/div><\/div><\/div><div class=\"et_pb_text_2 et_pb_text et_pb_bg_layout_light et_pb_module et_block_module\"><div class=\"et_pb_text_inner\"><h3 data-element-id=\"headingsMap-18-0\"><strong>Recupere o prazer de sorrir<\/strong><\/h3>\n<p>Se sente que j\u00e1 perdeu oportunidades ou deixou de sorrir em momentos importantes, saiba que h\u00e1 uma solu\u00e7\u00e3o \u00e0 sua espera \u2014 e ela pode mudar a sua vida.<\/p>\n<p>A falta de dentes vai muito al\u00e9m da quest\u00e3o est\u00e9tica. Cada dente tem uma fun\u00e7\u00e3o espec\u00edfica, e a sua aus\u00eancia pode afetar n\u00e3o s\u00f3 o seu sorriso, mas tamb\u00e9m a mastiga\u00e7\u00e3o, a digest\u00e3o e at\u00e9 o alinhamento dos restantes dentes.<\/p>\n<p>Felizmente, os avan\u00e7os na medicina dent\u00e1ria tornaram os implantes uma solu\u00e7\u00e3o segura, eficaz e acess\u00edvel. O resultado? Um sorriso completo, mais conforto no dia a dia e uma nova confian\u00e7a para viver plenamente.<\/p>\n<p>&nbsp;<\/p>\n<h3 data-element-id=\"headingsMap-19-0\"><strong>Quem pode fazer implantes dent\u00e1rios?<\/strong><\/h3>\n<p>Qualquer pessoa saud\u00e1vel, com mais de 17 anos \u2014 idade em que o crescimento dos ossos da face j\u00e1 est\u00e1 completo \u2014 pode recorrer a implantes dent\u00e1rios.<\/p>\n<p>Seja pela perda de um dente devido a um acidente, problemas de higiene oral ou desgaste natural, os implantes s\u00e3o uma solu\u00e7\u00e3o eficaz e segura.<br \/>No entanto, \u00e9 fundamental ter gengivas saud\u00e1veis e osso suficiente para garantir uma boa fixa\u00e7\u00e3o. Esta avalia\u00e7\u00e3o \u00e9 feita pelo m\u00e9dico dentista durante a consulta.<\/p>\n<\/div><\/div><\/div><\/div><\/div>","protected":false},"excerpt":{"rendered":"","protected":false},"author":1,"featured_media":4233,"parent":2373,"menu_order":0,"comment_status":"closed","ping_status":"closed","template":"","meta":{"_acf_changed":false,"inline_featured_image":false,"footnotes":""},"class_list":["post-29","page","type-page","status-publish","has-post-thumbnail","hentry"],"acf":[],"_links":{"self":[{"href":"https:\/\/quatstudio.com\/uniquesmile\/wp-json\/wp\/v2\/pages\/29","targetHints":{"allow":["GET"]}}],"collection":[{"href":"https:\/\/quatstudio.com\/uniquesmile\/wp-json\/wp\/v2\/pages"}],"about":[{"href":"https:\/\/quatstudio.com\/uniquesmile\/wp-json\/wp\/v2\/types\/page"}],"author":[{"embeddable":true,"href":"https:\/\/quatstudio.com\/uniquesmile\/wp-json\/wp\/v2\/users\/1"}],"replies":[{"embeddable":true,"href":"https:\/\/quatstudio.com\/uniquesmile\/wp-json\/wp\/v2\/comments?post=29"}],"version-history":[{"count":7,"href":"https:\/\/quatstudio.com\/uniquesmile\/wp-json\/wp\/v2\/pages\/29\/revisions"}],"predecessor-version":[{"id":28762,"href":"https:\/\/quatstudio.com\/uniquesmile\/wp-json\/wp\/v2\/pages\/29\/revisions\/28762"}],"up":[{"embeddable":true,"href":"https:\/\/quatstudio.com\/uniquesmile\/wp-json\/wp\/v2\/pages\/2373"}],"wp:featuredmedia":[{"embeddable":true,"href":"https:\/\/quatstudio.com\/uniquesmile\/wp-json\/wp\/v2\/media\/4233"}],"wp:attachment":[{"href":"https:\/\/quatstudio.com\/uniquesmile\/wp-json\/wp\/v2\/media?parent=29"}],"curies":[{"name":"wp","href":"https:\/\/api.w.org\/{rel}","templated":true}]}}