{"id":37,"date":"2025-04-21T10:13:58","date_gmt":"2025-04-21T10:13:58","guid":{"rendered":"https:\/\/quatstudio.com\/uniquesmile\/?page_id=37"},"modified":"2026-03-02T14:30:00","modified_gmt":"2026-03-02T14:30:00","slug":"branqueamento-dentario","status":"publish","type":"page","link":"https:\/\/quatstudio.com\/uniquesmile\/estetica-dentaria\/branqueamento-dentario\/","title":{"rendered":"Branqueamento dent\u00e1rio"},"content":{"rendered":"<div class=\"et_pb_section_0 et_pb_section et_section_regular et_block_section\"><div class=\"et_pb_row_0 et_pb_row et_block_row\"><div class=\"et_pb_column_0 et_pb_column et_pb_column_4_4 et-last-child et_block_column et_pb_css_mix_blend_mode_passthrough\"><div class=\"et_pb_text_0 et_pb_text et_pb_bg_layout_light et_pb_module et_block_module\"><div class=\"et_pb_text_inner\"><h2><strong>Como funciona o Branqueamento Dent\u00e1rio?<\/strong><\/h2>\n<\/div><\/div><div class=\"et_pb_image_0 et_pb_image et_pb_module et_block_module\"><span class=\"et_pb_image_wrap\"><img loading=\"lazy\" decoding=\"async\" src=\"https:\/\/quatstudio.com\/uniquesmile\/wp-content\/uploads\/2025\/06\/Unique-smile-branqueamento-1.jpg\" width=\"1200\" height=\"800\" srcset=\"https:\/\/quatstudio.com\/uniquesmile\/wp-content\/uploads\/2025\/06\/Unique-smile-branqueamento-1.jpg 1200w, https:\/\/quatstudio.com\/uniquesmile\/wp-content\/uploads\/2025\/06\/Unique-smile-branqueamento-1-980x653.jpg 980w, https:\/\/quatstudio.com\/uniquesmile\/wp-content\/uploads\/2025\/06\/Unique-smile-branqueamento-1-480x320.jpg 480w\" sizes=\"(min-width: 0px) and (max-width: 480px) 480px, (min-width: 481px) and (max-width: 980px) 980px, (min-width: 981px) 1200px, 100vw\" class=\"wp-image-4121\" title=\"Unique-smile-branqueamento-1\" alt=\"Unique Smile -Branqueamento dent\u00e1rio\" \/><\/span><\/div><div class=\"et_pb_text_1 et_pb_text et_pb_bg_layout_light et_pb_module et_block_module\"><div class=\"et_pb_text_inner\"><p>O Branqueamento Dent\u00e1rio, \u00e9 hoje em dia um tratamento bastante procurado pelos pacientes que prezam pela beleza do sorriso e sabem que ele \u00e9 capaz de abrir portas.<br \/>Devido ao natural envelhecimento dent\u00e1rio, aos h\u00e1bitos tab\u00e1gicos e alimentares ou a uma higiene oral insuficiente, os dentes t\u00eam tend\u00eancia a escurecer.<\/p>\n<p>Existem<span>\u00a0<\/span><strong>duas maneiras<\/strong><span>\u00a0<\/span>de realizar o branqueamento dent\u00e1rio:<br \/>\u25cf O procedimento na cl\u00ednica demora cerca de 1h, onde \u00e9 colocado um gel diretamente sobre a superf\u00edcie dent\u00e1ria que \u00e9 ativado com uma luz laser.<br \/>\u25cf Em ambulat\u00f3rio (em casa), onde o paciente coloca o gel numa moldeira e usa diariamente por um per\u00edodo de 1 a 6 horas durante v\u00e1rios dias ou semanas.<\/p>\n<h3><strong>Para quem \u00e9?<\/strong><\/h3>\n<p>Pode ser feito em qualquer idade e por qualquer pessoa em busca de dentes mais bem cuidados.<br \/>Mas vale lembrar que o branqueamento apenas actua em dentes naturais, sendo que todas as restaura\u00e7\u00f5es, facetas ou coroas pr\u00e9 existentes, poder\u00e3o ter que ser substitu\u00eddos ap\u00f3s a finaliza\u00e7\u00e3o do branqueamento. Tamb\u00e9m \u00e9 recomendado que a pessoa n\u00e3o tenha hipersensibilidade a est\u00edmulos t\u00e9rmicos (quente ou frio).<\/p>\n<h3><strong>Benef\u00edcios<\/strong><\/h3>\n<p>\u25cf Aumenta a autoestima<br \/>\u25cf Voc\u00ea sorri com mais confian\u00e7a<br \/>\u25cf Estimula o cuidado com a higiene bucal<br \/>\u25cf Melhora a est\u00e9tica do sorriso.<\/p>\n<\/div><\/div><\/div><\/div><\/div>","protected":false},"excerpt":{"rendered":"","protected":false},"author":1,"featured_media":4124,"parent":39,"menu_order":0,"comment_status":"closed","ping_status":"closed","template":"","meta":{"_acf_changed":false,"inline_featured_image":false,"footnotes":""},"class_list":["post-37","page","type-page","status-publish","has-post-thumbnail","hentry"],"acf":[],"_links":{"self":[{"href":"https:\/\/quatstudio.com\/uniquesmile\/wp-json\/wp\/v2\/pages\/37","targetHints":{"allow":["GET"]}}],"collection":[{"href":"https:\/\/quatstudio.com\/uniquesmile\/wp-json\/wp\/v2\/pages"}],"about":[{"href":"https:\/\/quatstudio.com\/uniquesmile\/wp-json\/wp\/v2\/types\/page"}],"author":[{"embeddable":true,"href":"https:\/\/quatstudio.com\/uniquesmile\/wp-json\/wp\/v2\/users\/1"}],"replies":[{"embeddable":true,"href":"https:\/\/quatstudio.com\/uniquesmile\/wp-json\/wp\/v2\/comments?post=37"}],"version-history":[{"count":11,"href":"https:\/\/quatstudio.com\/uniquesmile\/wp-json\/wp\/v2\/pages\/37\/revisions"}],"predecessor-version":[{"id":28766,"href":"https:\/\/quatstudio.com\/uniquesmile\/wp-json\/wp\/v2\/pages\/37\/revisions\/28766"}],"up":[{"embeddable":true,"href":"https:\/\/quatstudio.com\/uniquesmile\/wp-json\/wp\/v2\/pages\/39"}],"wp:featuredmedia":[{"embeddable":true,"href":"https:\/\/quatstudio.com\/uniquesmile\/wp-json\/wp\/v2\/media\/4124"}],"wp:attachment":[{"href":"https:\/\/quatstudio.com\/uniquesmile\/wp-json\/wp\/v2\/media?parent=37"}],"curies":[{"name":"wp","href":"https:\/\/api.w.org\/{rel}","templated":true}]}}