{"id":47,"date":"2025-04-21T10:15:47","date_gmt":"2025-04-21T10:15:47","guid":{"rendered":"https:\/\/quatstudio.com\/uniquesmile\/?page_id=47"},"modified":"2026-03-02T14:30:03","modified_gmt":"2026-03-02T14:30:03","slug":"ortopedia-funcional-maxilares","status":"publish","type":"page","link":"https:\/\/quatstudio.com\/uniquesmile\/tratamentos-dentarios\/ortopedia-funcional-maxilares\/","title":{"rendered":"ortopedia funcional"},"content":{"rendered":"<div class=\"et_pb_section_0 et_pb_section et_section_regular et_block_section\"><div class=\"et_pb_row_0 et_pb_row et_block_row\"><div class=\"et_pb_column_0 et_pb_column et_pb_column_4_4 et-last-child et_block_column et_pb_css_mix_blend_mode_passthrough\"><div class=\"et_pb_text_0 et_pb_text et_pb_bg_layout_light et_pb_module et_block_module\"><div class=\"et_pb_text_inner\"><h2 style=\"text-align: left;\"><strong>O que \u00e9 a Ortopedia Funcional dos Maxilares?<\/strong><\/h2>\n<\/div><\/div><div class=\"et_pb_image_0 et_pb_image et_pb_module et_block_module\"><span class=\"et_pb_image_wrap\"><img loading=\"lazy\" decoding=\"async\" src=\"https:\/\/quatstudio.com\/uniquesmile\/wp-content\/uploads\/2025\/06\/Unique-smile-ortopedia-funcional-dos-maxilares-2.jpg\" width=\"800\" height=\"450\" srcset=\"https:\/\/quatstudio.com\/uniquesmile\/wp-content\/uploads\/2025\/06\/Unique-smile-ortopedia-funcional-dos-maxilares-2.jpg 800w, https:\/\/quatstudio.com\/uniquesmile\/wp-content\/uploads\/2025\/06\/Unique-smile-ortopedia-funcional-dos-maxilares-2-480x270.jpg 480w\" sizes=\"(min-width: 0px) and (max-width: 480px) 480px, (min-width: 481px) 800px, 100vw\" class=\"wp-image-4472\" title=\"Unique-smile---ortopedia-funcional-dos-maxilares-2\" alt=\"ortopedia funcional dos maxilares, Unique Smile\" \/><\/span><\/div><div class=\"et_pb_text_1 et_pb_text et_pb_bg_layout_light et_pb_module et_block_module\"><div class=\"et_pb_text_inner\"><p>A Ortopedia Funcional dos Maxilares (OFM) atua na preven\u00e7\u00e3o e corre\u00e7\u00e3o de altera\u00e7\u00f5es no desenvolvimento das estruturas orofaciais, como os maxilares, dentes e musculatura associada. O seu principal objetivo \u00e9 restabelecer o equil\u00edbrio funcional da boca e da face, utilizando aparelhos remov\u00edveis personalizados.<\/p>\n<p>Este tipo de tratamento \u00e9 indicado para crian\u00e7as e, em alguns casos, adultos que apresentem problemas como:<br \/>\n\u2013 mordida cruzada ou aberta<br \/>\n\u2013 bruxismo<br \/>\n\u2013 desalinhamento dent\u00e1rio precoce<br \/>\n\u2013 respira\u00e7\u00e3o oral<br \/>\n\u2013 posicionamento incorreto da l\u00edngua<br \/>\n\u2013 proje\u00e7\u00e3o ou retra\u00e7\u00e3o do queixo<\/p>\n<p>Ao intervir precocemente, \u00e9 poss\u00edvel guiar o crescimento \u00f3sseo de forma natural e evitar tratamentos mais invasivos no futuro.<\/p>\n<h3><strong>Quando \u00e9 indicada?<\/strong><\/h3>\n<ul>\n<li>Altera\u00e7\u00f5es no desenvolvimento dos maxilares<\/li>\n<li>Respira\u00e7\u00e3o pela boca<\/li>\n<li>Mordida cruzada ou aberta<\/li>\n<li>Degluti\u00e7\u00e3o at\u00edpica<\/li>\n<li>Dificuldades na fala ou mastiga\u00e7\u00e3o<\/li>\n<li>Desvios no crescimento facial<\/li>\n<li>H\u00e1bitos como suc\u00e7\u00e3o do dedo ou uso prolongado de chupeta<\/li>\n<\/ul>\n<p>Quanto mais cedo for feita a avalia\u00e7\u00e3o, melhores os resultados e mais simples o tratamento.<br \/>\n<\/p>\n<h3><strong>Como \u00e9 o tratamento?<\/strong><\/h3>\n<p>Utilizamos aparelhos remov\u00edveis que ficam soltos dentro da boca e atuam em ambos os maxilares. \u00c9 uma forma de tratar sem dor, sem risco para ra\u00edzes dos dentes permanentes e nem para os ossos onde os dentes est\u00e3o situados.<br \/>\nA princ\u00edpio, \u00e9 um tratamento focado em resolver os dist\u00farbios que envolvem a estrutura \u00f3ssea e muscular da face do paciente. Com isto solucionado, o dentista pode dar in\u00edcio a outros tratamentos que visam o alinhamento dent\u00e1rio.<br \/>\n<\/p>\n<h3><strong>Problemas em que a Ortopedia Funcional dos Maxilares tamb\u00e9m \u00e9 indicada<\/strong><\/h3>\n<p>Mordidas cruzadas uni ou bilaterais;<br \/>\n\u25cf Crescimento insuficiente ou em excesso da mand\u00edbula;<br \/>\n\u25cf Bruxismo;<br \/>\n\u25cf Apneia do sono;<br \/>\n\u25cf Dor de ouvido;<br \/>\n\u25cf Denti\u00e7\u00e3o torta;<br \/>\n\u25cf Problemas\/estalidos na articula\u00e7\u00e3o temporo mandibular;<br \/>\n\u25cf Apinhamento de dentes de leite ou na troca de denti\u00e7\u00e3o;<br \/>\n\u25cf Falta de espa\u00e7o para os dentes permanentes.<br \/>\nEstes s\u00e3o os sintomas mais frequentes que j\u00e1 foram tratados com o uso da Ortopedia<br \/>\nFuncional dos Maxilares e que mostram a necessidade de procurar um dentista especialista.<\/p>\n<\/div><\/div><\/div><\/div><\/div>","protected":false},"excerpt":{"rendered":"","protected":false},"author":1,"featured_media":4471,"parent":2373,"menu_order":0,"comment_status":"closed","ping_status":"closed","template":"","meta":{"_acf_changed":false,"inline_featured_image":false,"footnotes":""},"class_list":["post-47","page","type-page","status-publish","has-post-thumbnail","hentry"],"acf":[],"_links":{"self":[{"href":"https:\/\/quatstudio.com\/uniquesmile\/wp-json\/wp\/v2\/pages\/47","targetHints":{"allow":["GET"]}}],"collection":[{"href":"https:\/\/quatstudio.com\/uniquesmile\/wp-json\/wp\/v2\/pages"}],"about":[{"href":"https:\/\/quatstudio.com\/uniquesmile\/wp-json\/wp\/v2\/types\/page"}],"author":[{"embeddable":true,"href":"https:\/\/quatstudio.com\/uniquesmile\/wp-json\/wp\/v2\/users\/1"}],"replies":[{"embeddable":true,"href":"https:\/\/quatstudio.com\/uniquesmile\/wp-json\/wp\/v2\/comments?post=47"}],"version-history":[{"count":7,"href":"https:\/\/quatstudio.com\/uniquesmile\/wp-json\/wp\/v2\/pages\/47\/revisions"}],"predecessor-version":[{"id":28771,"href":"https:\/\/quatstudio.com\/uniquesmile\/wp-json\/wp\/v2\/pages\/47\/revisions\/28771"}],"up":[{"embeddable":true,"href":"https:\/\/quatstudio.com\/uniquesmile\/wp-json\/wp\/v2\/pages\/2373"}],"wp:featuredmedia":[{"embeddable":true,"href":"https:\/\/quatstudio.com\/uniquesmile\/wp-json\/wp\/v2\/media\/4471"}],"wp:attachment":[{"href":"https:\/\/quatstudio.com\/uniquesmile\/wp-json\/wp\/v2\/media?parent=47"}],"curies":[{"name":"wp","href":"https:\/\/api.w.org\/{rel}","templated":true}]}}